divisor of x and v.
3
Let c = 1799 + -1249. What is the highest common divisor of c and 25?
25
Suppose 0 = -3*n - 4*r - 2 + 64, 2*r + 60 = 5*n. Let y = -33 + 59. Let s = -5 + y. Calculate the greatest common factor of n and s.
7
Let l(x) = 28*x**2 + 9*x + 9. Let s be l(-1). Calculate the highest common factor of 924 and s.
28
Let m be (-3)/(-12) + 95/4. Let a be 4/(-5)*-1*20/2. What is the greatest common divisor of a and m?
8
Let p(n) = 18*n - 3. Let b be p(-2). Let a = b + 51. Suppose w - 1 = 11. What is the highest common factor of w and a?
12
Let m = -148 - -388. Suppose 0*o = -5*o + m. What is the highest common divisor of o and 24?
24
Suppose 510 = 3*g - 3*n, 5*g - 79*n + 76*n - 854 = 0. What is the highest common divisor of g and 258?
86
Let i be (-294)/10 - 2/(-10)*2. Let b = i - -69. What is the highest common factor of b and 8?
8
Let r = -46 - -46. Suppose r*s - 117 = -3*s. Calculate the greatest common factor of 13 and s.
13
Let z be (-2)/(-9) - (-286)/9. Let i = -65 + 63. Let g be 8 + 2 + -1*4 + i. What is the highest common divisor of z and g?
4
Let c(b) be the second derivative of -b**5/20 + 13*b**4/6 + b**3/2 - 57*b**2/2 - 9*b. Let q be c(26). Calculate the highest common factor of 14 and q.
7
Suppose 111*i + 480 = 117*i. What is the highest common factor of 140 and i?
20
Suppose 0*j - 3*j + 6 = 0. Let c = 1499 - 1481. Calculate the highest common factor of j and c.
2
Let o(z) = 3*z**2 + 8*z + 9. Let v be o(-7). Let f be 3 + (-66)/(-10) - (-10)/25. What is the greatest common factor of f and v?
10
Suppose 5*v = -2*q + 73, -2*v + 34 = -q - 3*q. Let g(u) = 0*u**2 - 6 - v*u - u**2 - 2. Let l be g(-13). What is the highest common divisor of l and 198?
18
Suppose 45*q = 27*q + 288. Calculate the highest common divisor of q and 16.
16
Let t = 1881 + -1765. Calculate the highest common factor of t and 493.
29
Let k(i) = -i**3 + 3*i**2 - 4*i + 45. Let d be k(0). What is the greatest common divisor of d and 300?
15
Suppose 3*c + x - 14 = 0, 14*c + 4*x = 12*c + 6. What is the greatest common factor of c and 335?
5
Suppose 0 = 4*z + 7*z - 4257. Calculate the greatest common divisor of z and 9.
9
Let y be (-1)/(-3) + (-126)/(-27). What is the greatest common divisor of y and 215?
5
Let d(m) = m - 1. Let y be d(4). Suppose b = 2*u + 43 + 12, 4*b - y*u = 195. Calculate the highest common factor of 18 and b.
9
Let k(s) = s + 17. Let m be k(-10). Let h = m + -1. What is the highest common factor of h and 3?
3
Let q(m) = -7*m**2 + 18*m + 48. Let g(f) = -8*f**2 + 18*f + 47. Let o(s) = 6*g(s) - 7*q(s). Let n be o(-12). What is the highest common divisor of 18 and n?
18
Let n be ((-63)/9*1)/(1/(-3)). What is the highest common divisor of n and 49?
7
Suppose -6*p = -3*p. Suppose 3*f - 291 = -3*b, -2*f + 4*b + 100 + 64 = p. What is the highest common factor of 23 and f?
23
Let q = 180 + -174. Suppose -3*k + 2*x = -46, -3*x = 15 - 0. Calculate the greatest common factor of k and q.
6
Let w be -1*(-1 - -2) - 18/3. Let g be 6 + w - 19*-1. Let a(y) = 4*y - 2. Let x be a(2). Calculate the highest common divisor of g and x.
6
Let o be (1 + 4)*40/50. Calculate the greatest common divisor of 124 and o.
4
Let j be (-64)/((-2 - -3)/(-1)). Let g = 22 - -4. Suppose -3*a + 23 + 4 = -3*k, -3*a + 2*k + g = 0. Calculate the highest common divisor of j and a.
8
Suppose 176 = 12*m - 40. Let w = 153 + -81. What is the greatest common factor of m and w?
18
Let d(h) = -h**3 + 2*h**2 - h - 9. Let q be d(-6). Suppose -q = i - 6*i. What is the highest common divisor of 19 and i?
19
Suppose -28*z = -1693 - 10347. What is the highest common divisor of z and 30?
10
Let w be 3/(-24) - ((-845)/(-40))/(-1). Let u = 12 - 9. Suppose 4*g + g = u*a - 30, 3*a = 2*g + w. Calculate the highest common factor of 5 and a.
5
Let l(h) be the first derivative of h**2/2 + 19*h + 5. Let p be l(0). Let v be 2/7 - (-1060)/14. Calculate the greatest common divisor of p and v.
19
Let u(a) = 22*a. Let c be u(9). Suppose -8*y - w + 330 = -3*y, -w - c = -3*y. Calculate the highest common factor of 11 and y.
11
Suppose 0 = 2*b - 122 - 102. Suppose -5*w - 6 + 16 = 0. Suppose -55 = -5*m + 3*f, 2*f + 19 - 1 = w*m. What is the highest common divisor of b and m?
14
Suppose c = 3 + 9. Let u = c - -153. Suppose 0 = -8*b + 3*b + 75. What is the highest common factor of u and b?
15
Let f = 114 - 108. Let y(v) = 2*v**2 - 8*v - 9. Let d be y(f). What is the greatest common divisor of 25 and d?
5
Suppose 0 = m - 270 - 445. What is the greatest common divisor of m and 11?
11
Let s(n) be the third derivative of -n**6/120 + n**5/5 - n**4/12 + 9*n**3/2 - 5*n**2. Let x be s(12). Calculate the greatest common factor of x and 39.
3
Suppose 65*q + 176 = 761. What is the greatest common divisor of q and 129?
3
Suppose 0 = -147*b + 152*b - 1615. What is the greatest common factor of b and 17?
17
Suppose -89 - 8 = j. Let m = 181 + j. Suppose -m = n - 8*n. Calculate the highest common divisor of n and 6.
6
Let v(x) = -x**2 - 5*x + 7. Let u = 9 - 15. Let h be v(u). Let t be 6*1 + 2/(4/10). What is the highest common factor of t and h?
1
Let f(u) = 38*u + 24. Let x be f(2). What is the greatest common factor of x and 340?
20
Let n = -14 - -12. Let w(p) = -17*p + 2. Let h be w(n). Suppose 2*l = -l + h. Calculate the greatest common divisor of l and 96.
12
Let y = -5306 - -5357. Let i(f) = f**2 + 2*f + 4. Let q be i(4). Let z = q - 11. What is the highest common divisor of z and y?
17
Let k(f) = -f**2 - f + 2. Let g be k(0). What is the highest common factor of g and 1?
1
Suppose 470*b - 467*b = 2*q + 11994, 3*q + 3991 = b. What is the highest common divisor of b and 32?
32
Let c = 103 - 98. Calculate the greatest common factor of c and 95.
5
Let y(x) = x - 7. Let l be y(10). Suppose 0 = -l*j + 42 - 12. What is the greatest common factor of 5 and j?
5
Let j(d) = 21*d - 8. Let y be j(-3). Let u = 125 + y. Let m = -4 - -10. What is the greatest common divisor of u and m?
6
Let d = -213 - -349. Let h = -1 + d. Suppose -5*t - 2*u + 63 = u, -4*t + u + 64 = 0. Calculate the greatest common factor of h and t.
15
Suppose -5*v = -5 - 5. Suppose 0 = 5*k + z - 21, 2*k + 2*z - v = -0*z. Calculate the highest common divisor of k and 45.
5
Let s(m) = -84*m - 251. Let k be s(-6). What is the highest common factor of 23 and k?
23
Suppose -5*d - 3 = -28. Suppose 0 = d*f - 15, u - 3*f = -0*f - 8. Suppose -54 - u = -5*h. What is the greatest common factor of 121 and h?
11
Suppose 175 = 7*x - 21. Let d(y) = y**2 - 4*y + 4. Let c be d(4). Suppose 4*p - 24 - c = 0. Calculate the greatest common divisor of p and x.
7
Let n be (0 - 1) + (13 - (-2 - 0)). What is the highest common divisor of 154 and n?
14
Let k(m) = m**2 + 3*m - 15. Let z = -29 - -34. Let y be k(z). Calculate the highest common factor of 25 and y.
25
Let h be 6 + 32/(-6) + (-172)/(-3). Calculate the greatest common divisor of h and 4.
2
Let o be -11 - (0 - (-3 + 0)). Let k = 30 + o. Calculate the greatest common divisor of k and 8.
8
Let l be ((-4)/(-3))/(52/14079). Calculate the highest common factor of l and 76.
19
Let n be 11 + 2 - (-24)/(-30)*-5. What is the greatest common factor of 697 and n?
17
Let s = -74 - -46. Let f = s - -34. Let d be ((-16)/f)/(2/(-33)). What is the highest common divisor of d and 4?
4
Let a be (-5478)/(-5) - (-12)/30. Let x = a - 755. What is the greatest common factor of x and 31?
31
Suppose -4*g + 23 = 2*x - x, -g = 2*x - 11. Suppose -5*c = -x - 57. What is the greatest common divisor of c and 132?
12
Suppose 4*i - 26 = 2*i. What is the greatest common factor of 169 and i?
13
Let v(k) = k**3 + 6*k**2 - 6*k. Let n be v(-5). Let f = 169 + -147. Calculate the highest common divisor of n and f.
11
Let x = 58 + -42. Calculate the highest common divisor of x and 136.
8
Suppose 32*s - 99*s + 3484 = 0. What is the highest common factor of s and 16?
4
Suppose 3*t + 0*t = 6, 3*j + 3*t = 30. What is the highest common divisor of j and 52?
4
Suppose 542 = k - 103. What is the highest common divisor of 15 and k?
15
Let j be (0 + 188)*69/92. Calculate the greatest common divisor of j and 47.
47
Suppose -682 + 186 = -8*p. Calculate the highest common factor of 558 and p.
62
Let k = -556 - -756. What is the highest common divisor of k and 320?
40
Let j be (2*17/(-10)